Calculate the remainder when 1149994 is divided by 12364.
142
What is the remainder when 15949391 is divided by 6?
5
What is the remainder when 15889672 is divided by 88769?
21
Calculate the remainder when 163927 is divided by 6423.
3352
What is the remainder when 307941849 is divided by 191?
189
What is the remainder when 865626 is divided by 4122?
6
What is the remainder when 47714472 is divided by 880?
872
Calculate the remainder when 113016 is divided by 55475.
2066
Calculate the remainder when 3562956 is divided by 49.
19
Calculate the remainder when 703070 is divided by 253.
236
Calculate the remainder when 9568680 is divided by 19770.
0
Calculate the remainder when 1442456 is divided by 5911.
172
Calculate the remainder when 31477762 is divided by 1025.
12
What is the remainder when 2183650 is divided by 1784?
34
What is the remainder when 1588234 is divided by 90?
4
What is the remainder when 399248 is divided by 273?
122
What is the remainder when 1161735 is divided by 18151?
71
Calculate the remainder when 323901393 is divided by 28.
25
What is the remainder when 2581227 is divided by 234578?
869
Calculate the remainder when 6509171 is divided by 189.
11
What is the remainder when 17940065 is divided by 17939982?
83
What is the remainder when 1547502 is divided by 7199?
6916
Calculate the remainder when 177310 is divided by 2451.
838
What is the remainder when 46653 is divided by 8433?
4488
What is the remainder when 13467 is divided by 4487?
6
What is the remainder when 291295 is divided by 2913?
2908
Calculate the remainder when 126171 is divided by 48.
27
Calculate the remainder when 51609674 is divided by 77492.
2
Calculate the remainder when 427014 is divided by 18553.
295
What is the remainder when 18784 is divided by 305?
179
What is the remainder when 11374658 is divided by 26?
22
What is the remainder when 2585559 is divided by 1292772?
15
What is the remainder when 1003687 is divided by 25092?
7
Calculate the remainder when 3098448 is divided by 971.
958
Calculate the remainder when 1436127 is divided by 206.
101
Calculate the remainder when 1744196 is divided by 273.
272
What is the remainder when 1311903 is divided by 56920?
2743
Calculate the remainder when 10838395 is divided by 43880.
35
Calculate the remainder when 103490 is divided by 17060.
1130
What is the remainder when 380316 is divided by 100?
16
Calculate the remainder when 55480836 is divided by 18493539.
219
Calculate the remainder when 53639 is divided by 1799.
1468
Calculate the remainder when 1491953 is divided by 745587.
779
What is the remainder when 689772 is divided by 564?
0
What is the remainder when 18968533 is divided by 152?
149
What is the remainder when 8018421 is divided by 871?
866
What is the remainder when 1353709 is divided by 12892?
49
What is the remainder when 1905230 is divided by 34640?
30
What is the remainder when 268952932 is divided by 163?
161
What is the remainder when 2882215677 is divided by 32?
29
What is the remainder when 7029596 is divided by 1589?
1449
What is the remainder when 4849586 is divided by 1616378?
452
Calculate the remainder when 48776244 is divided by 4.
0
What is the remainder when 13365335 is divided by 227?
29
What is the remainder when 5776581 is divided by 108992?
5
Calculate the remainder when 8735417 is divided by 19.
15
What is the remainder when 34898222 is divided by 17449100?
22
What is the remainder when 3040514 is divided by 1062?
8
What is the remainder when 110073 is divided by 485?
463
Calculate the remainder when 42162 is divided by 42105.
57
What is the remainder when 61660 is divided by 4388?
228
What is the remainder when 27592 is divided by 2649?
1102
Calculate the remainder when 35225 is divided by 1347.
203
What is the remainder when 5346434 is divided by 64?
2
Calculate the remainder when 4519851 is divided by 6384.
6363
Calculate the remainder when 169460 is divided by 2506.
1558
Calculate the remainder when 31494 is divided by 387.
147
What is the remainder when 834217 is divided by 834177?
40
What is the remainder when 134976452 is divided by 36?
32
What is the remainder when 49304 is divided by 19629?
10046
Calculate the remainder when 15480817 is divided by 303545.
22
What is the remainder when 125783133 is divided by 612?
609
Calculate the remainder when 794545 is divided by 326.
83
Calculate the remainder when 487539 is divided by 657.
45
What is the remainder when 41383 is divided by 19097?
3189
What is the remainder when 21104 is divided by 245?
34
What is the remainder when 13079147 is divided by 186?
185
Calculate the remainder when 36462597 is divided by 225.
222
What is the remainder when 1030700 is divided by 21?
20
What is the remainder when 3077804 is divided by 28?
16
Calculate the remainder when 31995 is divided by 4235.
2350
What is the remainder when 850623 is divided by 9?
6
Calculate the remainder when 24140951 is divided by 1122.
1121
Calculate the remainder when 872141 is divided by 374.
347
Calculate the remainder when 383629 is divided by 11615.
334
What is the remainder when 1642729803 is divided by 106?
103
What is the remainder when 5637 is divided by 4901?
736
Calculate the remainder when 181654 is divided by 1475.
229
What is the remainder when 177157413 is divided by 430?
423
Calculate the remainder when 696076 is divided by 174011.
32
Calculate the remainder when 26604 is divided by 1485.
1359
What is the remainder when 2688609 is divided by 2298?
2247
Calculate the remainder when 23443 is divided by 5842.
75
Calculate the remainder when 3126640 is divided by 2410.
870
What is the remainder when 62303 is divided by 61435?
868
Calculate the remainder when 72302 is divided by 2912.
2414
Calculate the remainder when 63988777 is divided by 5457.
5452
Calculate the remainder when 945471 is divided by 4704.
4671
What is the remainder when 371514 is divided by 3019?
177
What is the remainder when 24993545 is divided by 372?
353
What is the remainder when 94183 is divided by 5013?
3949
Calculate the remainder when 892347 is divided by 445897.
553
Calculate the remainder when 12382070 is divided by 18.
14
What is the remainder when 138417278 is divided by 46139084?
26
What is the remainder when 22984226 is divided by 23?
4
What is the remainder when 357077 is divided by 44497?
1101
Calculate the remainder when 12554 is divided by 2782.
1426
What is the remainder when 1424874 is divided by 474950?
24
What is the remainder when 28447 is divided by 555?
142
Calculate the remainder when 5765035 is divided by 1921670.
25
What is the remainder when 424234 is divided by 15712?
10
What is the remainder when 132513447 is divided by 15?
12
What is the remainder when 232727 is divided by 8946?
131
Calculate the remainder when 40944702 is divided by 503.
502
What is the remainder when 210005 is divided by 209945?
60
Calculate the remainder when 32823351 is divided by 59.
58
Calculate the remainder when 990758 is divided by 375.
8
What is the remainder when 952632 is divided by 9339?
54
Calculate the remainder when 14894708 is divided by 2315.
2313
What is the remainder when 3703217 is divided by 389?
326
Calculate the remainder when 734149 is divided by 50.
49
Calculate the remainder when 156112 is divided by 2786.
96
What is the remainder when 2407960 is divided by 432?
424
Calculate the remainder when 39391 is divided by 5378.
1745
What is the remainder when 4991279 is divided by 116?
31
What is the remainder when 18638467 is divided by 2856?
211
Calculate the remainder when 20427443 is divided by 1341.
1331
Calculate the remainder when 33946616 is divided by 8486653.
4
What is the remainder when 1491015 is divided by 745465?
85
Calculate the remainder when 99601 is divided by 522.
421
What is the remainder when 3448748 is divided by 689714?
178
What is the remainder when 784406 is divided by 486?
2
What is the remainder when 14600591 is divided by 297971?
12
Calculate the remainder when 10936752 is divided by 194.
2
What is the remainder when 17768 is divided by 5893?
89
Calculate the remainder when 1063261 is divided by 787.
24
What is the remainder when 4899126 is divided by 191?
167
Calculate the remainder when 261662209 is divided by 14.
11
What is the remainder 